st common divisor of a and r?
7
Let x(u) = u**3 + 7*u**2 - 3*u - 18. Let d be x(-7). Suppose d*z - 177 = 51. Let f be (((-4)/5)/(-2))/(z/3800). Calculate the highest common divisor of f and 5.
5
Suppose 2*g - 3*q - 13 = 0, 2*q + 10 - 34 = -g. Let m = -130 - -279. Let k = -135 + m. What is the greatest common factor of k and g?
14
Let v be 144158/7 - ((4 - 6) + -4). What is the highest common factor of 200 and v?
200
Let r(f) = -2*f**3 + 55*f**2 + 33*f - 51. Let n(h) = h**3 - 7*h**2 + 15*h + 3. Let b be n(5). Let k be r(b). Calculate the greatest common factor of k and 623.
89
Let s = -1571 - -747. Let z = -389 - s. Calculate the greatest common factor of z and 30.
15
Suppose -2772 = 7*t - 11*t. Let w = -351 - -414. What is the highest common divisor of w and t?
63
Let h be (-5)/(-3)*(-54)/(-15). Suppose 65 = h*o - 205. What is the highest common divisor of o and 450?
45
Let q(s) = s**3 + 27*s**2 - 195*s + 115. Let t be q(-33). Calculate the highest common divisor of 152 and t.
8
Let g be 7/1 - (-132 + -2 + 6). Calculate the highest common divisor of g and 1710.
45
Let x be -3 + 15/3 - (4 + -4). Suppose -6*s = -3*s + x*z - 230, -160 = -2*s + 2*z. Calculate the greatest common factor of s and 26.
26
Let k = -426 - -429. Suppose 250 = k*m + 3*u - 1127, 3*m = -2*u + 1377. Calculate the highest common factor of 27 and m.
27
Suppose -4*k + 1035 = 5*k. Let r = k + -79. What is the highest common factor of r and 108?
36
Let c(g) = -2 + g**3 - 7*g**2 + 2*g + 7*g + 0 + 6. Let t be c(6). Let w be 4/(-20)*-271 - 28/(-35). What is the greatest common divisor of t and w?
11
Suppose -2*l + 5*x = -38, 3*l = l - x + 62. Suppose l*r = 20*r + 1512. What is the greatest common divisor of r and 72?
24
Let s = -4578 + 4658. What is the highest common divisor of s and 52?
4
Let v(a) = a**3 - 7*a**2 + 33*a - 24. Let w be v(9). Suppose 3*t - 23*l - w = -22*l, 0 = 3*t + 3*l - 423. What is the greatest common divisor of 90 and t?
18
Let w(q) = 344*q - 85. Let m be w(2). Suppose 4*o - n + 0*n = 804, 5*n = 3*o - m. Calculate the greatest common divisor of o and 6.
3
Let r be -3*((-1320)/18)/4. Let h(m) = 11*m**3 - m**2 - m + 1. Let l be h(1). What is the highest common divisor of l and r?
5
Let t(o) = o**3 + 2*o - 3. Let s be t(3). Let i be ((-3)/(-3) + -133)*(-60)/24. What is the greatest common divisor of i and s?
30
Let h be 1132422/1665 + 2/(-15). Calculate the greatest common factor of 2142 and h.
34
Suppose -t + 11752 = 5*w, 0 = 148*w - 146*w - 4*t - 4692. What is the greatest common divisor of w and 141?
47
Let o = 305 - 576. Let j be 10/35 + o/(-7). Let c(g) = 14*g**3 - 2*g**2 - 2*g - 3. Let t be c(3). Calculate the greatest common factor of j and t.
39
Let a(f) = -8223*f + 1110. Let i be a(-3). What is the greatest common factor of 78 and i?
39
Let u(d) = -15*d + 106. Let m = -752 - -758. Let c be u(m). Calculate the highest common factor of 176 and c.
16
Suppose 3*g + 39 = -4*f + f, 5*g = f - 83. Let t(z) = -2*z - 29. Let h be t(g). Suppose h*y - 9 = 45. Calculate the greatest common factor of 45 and y.
9
Let m be ((-847)/(-7))/11 - 7. What is the greatest common divisor of m and 1388?
4
Let c = 763 + -750. Let p = 0 - -4. Suppose 0 = -5*d - 0*d - 2*v + 252, 0 = -d - p*v + 36. Calculate the highest common factor of c and d.
13
Let l be 7/((-21)/4)*-153. Let n be (30/8)/(17/l). What is the greatest common divisor of 210 and n?
15
Suppose -7201 = -55*f - 9046 + 20325. What is the highest common divisor of 13944 and f?
168
Let a = 1996 - 1912. Suppose 3*t = -8 - 1. Let p be ((-3)/t)/(-1) + 22. Calculate the greatest common factor of a and p.
21
Let t = 26099 + -25853. Calculate the highest common factor of t and 486.
6
Suppose -3*m + 108 = -0. Let g be 39264/(-24540)*1/2*-1*30/2. What is the greatest common factor of g and m?
12
Suppose t + 13 = -5*z, 5*t - 2*z = 8*t. Let w be (1/(-3))/(9/(-27))*t. What is the highest common divisor of w and 38?
2
Let h = 83 + 5. Let f(x) = x**3 + 5*x**2 + 5*x + 7. Let w be f(-4). Suppose -3*j = -63 - w. Calculate the highest common factor of j and h.
22
Let y(t) = 323*t**3 - t**2 + 14*t - 13. Let k be y(1). Calculate the highest common divisor of k and 425.
17
Let y(o) = o**3 + 8*o**2 - 123*o + 4. Let p be y(-14). Let z = 645 - p. Calculate the highest common divisor of z and 76.
19
Suppose 114*c = -19*c + 121021 + 20491. Calculate the highest common factor of 190 and c.
38
Let n(m) = 248*m + 54. Suppose -l - 5*z - 7 = -2*l, z + 9 = 4*l. Let b be n(l). What is the greatest common divisor of b and 22?
22
Let j(i) = i + i**3 - 3*i - 29 + 2*i - 10*i**2 + 14*i. Let p be j(9). What is the greatest common divisor of p and 24?
8
Let j(q) = q**3 - 4*q**2 - 561*q + 246. Let i be j(-22). Calculate the greatest common factor of i and 215.
1
Let u(f) = f**2 + 16*f + 23. Suppose 4*i = 29 - 13. Let w be -14 - (-2)/(i/(-6)) - -2. Let c be u(w). What is the greatest common factor of c and 36?
4
Let n = 1372 - -494. What is the highest common factor of n and 6?
6
Let j = -13500 + 14149. Calculate the highest common divisor of j and 99.
11
Suppose -5*i = -4*j + 20, 5*i - 15*j - 25 = -20*j. Suppose i = -12*l + 17*l - 3*v - 543, -220 = -2*l + 4*v. What is the highest common factor of 162 and l?
54
Let q = -694 - -1200. Suppose 162*f = 160*f + q. What is the greatest common factor of f and 11?
11
Suppose -w = -3*b - 5*w + 74, 99 = 4*b + 5*w. Let y be (-6576)/(-14248) + (-5740)/(-13). What is the greatest common factor of b and y?
26
Suppose 2*q + 6*q + 5445 = 41*q. What is the greatest common divisor of q and 1760?
55
Let w(q) = -3*q**2 - 69*q - 58. Let g(y) = 2*y**3 + y**2 + 8*y + 6. Let b be g(-2). Let d be w(b). What is the highest common factor of d and 36?
4
Let t(y) = 14*y + 1498. Let z be t(40). What is the highest common divisor of z and 441?
147
Let f = -9464 + 9530. Calculate the greatest common factor of 15774 and f.
66
Let i be (-116)/145 - (-34)/5 - -12*47. What is the greatest common factor of i and 435?
15
Let j = 270 - 72. Suppose -90 = -5*l + o, 3*l - o - 90 = -36. Calculate the highest common factor of j and l.
18
Suppose 2874*x + 820 = 2884*x. Calculate the highest common factor of x and 82.
82
Suppose 0 = 12*c - 5*c - 5684. Suppose -5*i - 2431 = -3*f - i, i = f - c. What is the greatest common divisor of f and 19?
19
Suppose w + 20*w - 18084 = 10*w. Calculate the greatest common divisor of 60 and w.
12
Suppose -3 = -g + c + 3, 10 = -5*g - 3*c. Suppose -11*v + 5*v = 6. Let u be -36 + 51 - v*g. What is the greatest common divisor of u and 144?
16
Let o = -540 - -666. Calculate the highest common factor of o and 378.
126
Suppose -5*i - 100*r = -96*r - 5059, -3*i - r = -3041. What is the highest common divisor of i and 116?
29
Suppose 46 = 2*t + 238. Let y be -1 - t - 30/70*7. What is the greatest common factor of y and 69?
23
Let t = 626 + -598. Let c(x) = x + 14. Let r be c(-11). Suppose -f + 6*f - q = 214, 30 = f + r*q. Calculate the highest common factor of t and f.
14
Let o(k) = 5*k + 2. Let n(s) = -s**2 + 12*s - 12. Let w be n(10). Let q be o(w). What is the highest common divisor of q and 42?
42
Suppose -28 - 17 = -w + s, -48 = -w - 2*s. Suppose 3*b - 184 = b. What is the highest common divisor of b and w?
46
Suppose -19*r - 9036 = -45*r + 8*r. Calculate the highest common divisor of 1 and r.
1
Suppose -464 = -9*h + 373. Let a(u) = 5*u**3 + 2*u**2 - 1. Let m be a(1). Suppose h = m*w - 141. Calculate the greatest common divisor of 13 and w.
13
Let d = -145 + 164. Suppose -s = -2*p + 249, 0*p - s - 124 = -p. Let b = p + -106. What is the greatest common divisor of d and b?
19
Let y(u) = -104*u + 35. Let h be y(-10). Suppose 21*o - 10832 - h = 0. What is the greatest common divisor of o and 7?
7
Let q(u) = -235*u - 304. Let f be q(-10). What is the greatest common factor of f and 44?
22
Suppose 14*x - 10*x = -2*i + 9216, 0 = -7*x + 5*i + 16094. Calculate the greatest common factor of x and 2.
2
Suppose 2*j - 3*j = 2*w - 19, -5*w = -4*j + 50. Let t = 774 + -654. What is the greatest common divisor of t and j?
15
Let f be -2*520/(-70)*7. What is the greatest common divisor of f and 904?
8
Let x(p) = 27 - 24 - 62 - 7*p. Let r be x(-17). Let k = 21 + 19. Calculate the greatest common divisor of k and r.
20
Suppose 4*y + 8 - 20 = 0